-15 (base 8) in base 4?
-31
What is -1 (base 16) in base 8?
-1
Convert 4 (base 16) to base 3.
11
What is 11110001 (base 2) in base 8?
361
What is 10201 (base 3) in base 7?
202
Convert 22 (base 3) to base 9.
8
21 (base 15) to base 8
37
1220 (base 3) to base 12
43
Convert -a1 (base 13) to base 11.
-10a
3 (base 8) to base 16
3
What is 2 (base 8) in base 13?
2
Convert 3 (base 6) to base 7.
3
What is 32 (base 4) in base 9?
15
6b (base 15) to base 9
122
Convert 6 (base 8) to base 6.
10
What is 4 (base 13) in base 7?
4
-9 (base 14) to base 6
-13
What is 67 (base 8) in base 6?
131
57 (base 8) to base 2
101111
What is -8c (base 15) in base 3?
-11220
Convert 17 (base 13) to base 7.
26
What is 7 (base 8) in base 15?
7
Convert -20 (base 3) to base 2.
-110
Convert 111 (base 3) to base 2.
1101
3 (base 11) to base 2
11
Convert -11 (base 4) to base 13.
-5
What is -46 (base 7) in base 12?
-2a
Convert 3 (base 6) to base 12.
3
Convert 80 (base 14) to base 10.
112
ac (base 13) to base 16
8e
-6 (base 10) to base 11
-6
What is 40 (base 7) in base 6?
44
What is -2 (base 14) in base 5?
-2
What is 10 (base 3) in base 6?
3
Convert 52 (base 10) to base 15.
37
-6 (base 15) to base 13
-6
Convert -10 (base 5) to base 12.
-5
Convert -111 (base 9) to base 11.
-83
What is 35 (base 12) in base 7?
56
-302 (base 4) to base 15
-35
Convert -15 (base 8) to base 16.
-d
Convert -11 (base 8) to base 12.
-9
-2 (base 3) to base 14
-2
Convert 13 (base 4) to base 12.
7
What is 3 (base 5) in base 8?
3
Convert 13 (base 7) to base 10.
10
Convert -237 (base 9) to base 6.
-524
-a (base 12) to base 7
-13
-8d (base 14) to base 3
-11122
Convert 30 (base 6) to base 10.
18
Convert 5b (base 13) to base 6.
204
What is 16 (base 16) in base 5?
42
What is 8 (base 14) in base 13?
8
Convert -12 (base 16) to base 10.
-18
What is 25 (base 10) in base 12?
21
Convert 2 (base 3) to base 10.
2
What is -11 (base 5) in base 12?
-6
What is -42 (base 14) in base 9?
-64
What is -2201 (base 3) in base 6?
-201
What is -102 (base 3) in base 10?
-11
11 (base 2) to base 15
3
Convert 100 (base 4) to base 8.
20
What is -2b (base 14) in base 6?
-103
41 (base 7) to base 9
32
Convert -36 (base 7) to base 5.
-102
What is 14 (base 9) in base 2?
1101
Convert 41 (base 10) to base 12.
35
-4 (base 14) to base 4
-10
-35 (base 11) to base 3
-1102
What is -40 (base 12) in base 11?
-44
What is -111 (base 3) in base 13?
-10
57 (base 11) to base 10
62
What is 5 (base 16) in base 2?
101
-19 (base 16) to base 5
-100
Convert -55 (base 7) to base 9.
-44
What is 5 (base 9) in base 16?
5
Convert 11002 (base 3) to base 14.
7c
Convert -3 (base 14) to base 6.
-3
What is 21 (base 11) in base 16?
17
What is 1 (base 5) in base 10?
1
What is -2 (base 14) in base 2?
-10
-1 (base 10) to base 8
-1
What is 10 (base 4) in base 7?
4
6 (base 14) to base 16
6
Convert a (base 14) to base 8.
12
What is -2a (base 15) in base 6?
-104
1203 (base 4) to base 2
1100011
11 (base 9) to base 12
a
8 (base 9) to base 3
22
What is -3 (base 11) in base 6?
-3
Convert 0 (base 9) to base 6.
0
What is 32 (base 6) in base 3?
202
-2a (base 14) to base 9
-42
Convert -42 (base 16) to base 9.
-73
Convert 1 (base 8) to base 7.
1
Convert 3 (base 6) to base 2.
11
What is 2 (base 9) in base 7?
2
What is 1 (base 5) in base 8?
1
What is -2101 (base 4) in base 13?
-b2
50 (base 6) to base 14
22
-3 (base 10) to base 3
-10
162 (base 10) to base 4
2202
What is -3 (base 12) in base 6?
-3
Convert 252 (base 6) to base 16.
68
-35 (base 9) to base 8
-40
What is 232 (base 6) in base 7?
161
Convert 2 (base 10) to base 8.
2
What is 332 (base 6) in base 2?
10000000
12 (base 6) to base 2
1000
-87 (base 15) to base 7
-241
Convert -c (base 13) to base 9.
-13
What is 230 (base 9) in base 12?
139
Convert 11 (base 2) to base 8.
3
What is -2 (base 8) in base 7?
-2
1 (base 5) to base 7
1
Convert 97 (base 13) to base 12.
a4
-6 (base 16) to base 9
-6
-3 (base 6) to base 12
-3
Convert 21 (base 3) to base 5.
12
18 (base 13) to base 8
25
Convert -1 (base 3) to base 11.
-1
51 (base 9) to base 15
31
27 (base 16) to base 14
2b
100001001 (base 2) to base 5
2030
What is 100 (base 2) in base 10?
4
Convert 4 (base 6) to base 10.
4
What is -3 (base 16) in base 2?
-11
Convert -1 (base 11) to base 7.
-1
What is -1 (base 5) in base 10?
-1
-5 (base 14) to base 7
-5
Convert 267 (base 9) to base 14.
11d
What is -2 (base 16) in base 15?
-2
Convert 21022 (base 3) to base 6.
525
What is 4a (base 14) in base 6?
150
-2112 (base 3) to base 6
-152
22 (base 8) to base 6
30
Convert -36 (base 10) to base 14.
-28
-1 (base 10) to base 13
-1
What is -5 (base 16) in base 5?
-10
What is d (base 16) in base 15?
d
Convert 3 (base 12) to base 9.
3
2 (base 9) to base 5
2
Convert 3 (base 10) to base 3.
10
-1 (base 16) to base 12
-1
-3 (base 11) to base 15
-3
Convert 50 (base 13) to base 4.
1001
Convert -1 (base 10) to base 2.
-1
What is -1 (base 7) in base 14?
-1
Convert -41 (base 12) to base 7.
-100
Convert -13 (base 8) to base 11.
-10
-12 (base 8) to base 14
-a
-1011100 (base 2) to base 16
-5c
Convert -10011 (base 2) to base 11.
-18
Convert -2101 (base 5) to base 15.
-136
101 (base 5) to base 12
22
Convert -11 (base 2) to base 6.
-3
Convert 127 (base 8) to base 11.
7a
6 (base 8) to base 13
6
What is -3012 (base 4) in base 3?
-21100
What is 3 (base 5) in base 8?
3
Convert 2 (base 13) to base 2.
10
-3 (base 7) to base 2
-11
What is 3 (base 5) in base 13?
3
What is -4 (base 10) in base 15?
-4
Convert 3 (base 16) to base 10.
3
-2 (base 16) to base 6
-2
2 (base 6) to base 15
2
Convert -6 (base 11) to base 3.
-20
Convert -11 (base 3) to base 4.
-10
6 (base 16) to base 6
10
What is 20 (base 8) in base 13?
13
Convert 110001 (base 2) to base 14.
37
Convert -302 (base 5) to base 8.
-115
What is -1 (base 11) in base 9?
-1
2 (base 5) to base 9
2
305 (base 6) to base 11
a3
212 (base 5) to base 2
111001
What is -3 (base 4) in base 10?
-3
0 (base 11) to base 10
0
-3 (base 13) to base 3
-10
Convert -1422 (base 5) to base 10.
-237
What is -31 (base 10) in base 16?
-1f
-110 (base 2) to base 5
-11
What is 11 (base 4) in base 10?
5
What is 88 (base 15) in base 2?
10000000
Convert -1 (base 5) to base 11.
-1
10 (base 3) to base 12
3
Convert -2 (base 4) to base 15.
-2
Convert 4 (base 11) to base 13.
4
What is 13 (base 4) in base 15?
7
-40 (base 7) to base 9
-31
What is -186 (base 16) in base 10?
-390
What is -8 (base 12) in base 2?
-1000
Convert 1011 (base 2) to base 4.
23
-12022 (base 3) to base 12
-bb
What is -1011100 (base 2) in base 14?
-68
What is -60 (base 12) in base 13?
-57
Convert 0 (base 2) to base 13.
0
What is 86 (base 15) in base 6?
330
What is -1 (base 6) in base 13?
-1
What is 1a (base 14) in base 3?
220
Convert -110 (base 2) to base 8.
-6
Convert 3 (base 13) to base 6.
3
What is 4 (base 6) in base 9?
4
Convert -1 (base 3) to base 6.
-1
What is -13b (base 13) in base 11?
-18a
Convert 95 (base 13) to base 3.
11112
11 (base 7) to base 5
13
What is -2 (base 5) in base 14?
-2
Convert 50 (base 7) to base 6.
55
What is -138 (base 15) in base 13?
-185
72 (base 10) to base 3
2200
What is -3 (base 14) in base 7?
-3
Convert -54 (base 9) to base 8.
-61
What is -22 (base 8) in base 16?
-12
What is 13 (base 12) in base 10?
15
Convert 0 (base 4) to base 15.
0
Convert -2 (base 13) to base 16.
-2
-2 (base 10) to base 7
-2
What is 4c (base 13) in base 7?
121
-3 (base 13) to base 8
-3
11 (base 11) to base 4
30
What is 13 (base 14) in base 11?
16
-46 (base 10) to base 7
-64
What is -92 (base 10) in base 15?
-62
What is -8 (base 12) in base 3?
-22
2000 (base 5) to base 15
11a
Convert -39 (base 12) to base 6.
-113
-8 (base 16) to base 13
-8
What is 8 (base 9) in base 16?
8
-a (base 11) to base 16
-a
Convert 36 (base 15) to base 16.
33
-22 (base 3) to base 13
-8
Convert -36 (base 12) to base 13.
-33
2 (base 4) to base 11
2
10 (base 2) to base 9
2
What is 18 (base 9) in base 14?
13
0 (base 15) to base 4
0
Convert 12 (base 9) to base 10.
11
Convert -3 (base 15) to base 3.
-10
What is 55 (base 9) in base 16?
32
-176 (base 9) to base 16
-96
Convert -1 (base 5) to base 3.
-1
What is -108 (base 14) in base 7?
-411
-35 (base 12) to base 3
-1112
Convert -69 (base 12) to base 11.
-74
What is 1010 (base 4) in base 7?
125
What is 2 (base 15) in base 11?
2
Convert 2 (base 5) to bas